39 - v = -2*r. Suppose -4*d + r = -15. What is the remainder when d is divided by 7?
4
Let o = 30 - 33. Let b be o/(-9) - (-28)/6. Suppose -3*u + 4*u = -b*p + 186, -1 = -u. What is the remainder when p is divided by 19?
18
Suppose -13*a = a + 363 - 419. Calculate the remainder when 350 is divided by a.
2
Suppose 5*h - 11 - 19 = -x, -h + 6 = x. Suppose -y + 134 = 3*v, -y - 3*y - 108 = -2*v. Calculate the remainder when v + 3 - (0 - -4) is divided by h.
3
Let b = -17 - -14. Let q be (b - -3)*(-1)/(-2). Suppose -5*s + 32 - 12 = q. Calculate the remainder when 12 is divided by s.
0
Let z(p) = p**3 + 6*p**2 + 5*p - 6. Let n be z(-4). Let u(v) = -436*v + 3 + 418*v - n*v**2 + 4*v**2. Calculate the remainder when 73 is divided by u(-8).
16
Let k(p) = p**2 + 30. Calculate the remainder when 486 is divided by k(-5).
46
Let l(g) = -51*g**3 + 5*g**2 + 3*g. Let m = -139 + 138. What is the remainder when 208 is divided by l(m)?
49
Let k = -65 - -68. Suppose k*l = -7 + 73. Calculate the remainder when 108 is divided by l.
20
Let f = 25849 + -25749. Calculate the remainder when 781 is divided by f.
81
Let f(v) = v**3 + 2*v**2 - v - 3. Let u = -68 + 65. Let r be f(u). Let m(p) = p + 17. Calculate the remainder when 23 is divided by m(r).
7
Suppose -f = 21*f - 176, 2*d - 4*f - 27006 = 0. Calculate the remainder when d is divided by 169.
168
Let o(q) be the third derivative of 0*q - 1/24*q**4 + 17*q**2 + 0 + 29/6*q**3. What is the remainder when 65 is divided by o(12)?
14
Let d(g) = -g**3 - 50*g**2 - 56*g - 133. Let m be d(-49). Suppose -m = -17*o + 198. Let h = -11 + 18. What is the remainder when o is divided by h?
3
Let b be 2/12 + (-258)/36. Let v be (b/2 + (-36)/(-24))*-2. Suppose 6 = 2*z, l - 41 = -0*z - v*z. What is the remainder when 55 is divided by l?
26
Let f(t) = -7*t - 75. Let y be f(12). Let n = -7 - y. Calculate the remainder when n is divided by 31.
28
Let m(b) = -16*b - 161. Let r(d) = -2*d - 13. Let l be r(-9). Let a = l + 2. What is the remainder when m(-13) is divided by a?
5
Suppose -q - 4*v = 3, 1 = -q - v - 2. Let t(k) = -k**3 + 2*k**2 + 7*k + 8. What is the remainder when 155 is divided by t(q)?
27
Calculate the remainder when 1173 is divided by (-9432)/(-56) - (-270)/(-189).
4
Let u(v) = -4*v + 16. Let d be u(-6). Suppose d = 5*a - 5. Calculate the remainder when 30 is divided by a.
3
What is the remainder when -10 + 1833/4 + 2/8*-1 is divided by 148?
4
Let h = 6068 + -6060. Suppose 0 = 4*x + 12 - 60. Let p = 18 - x. What is the remainder when h is divided by p?
2
Suppose 3*y + 4 + 4 = -r, 5*r - 5*y - 40 = 0. Suppose f = 11 - 3. Suppose -2*i - f = 3*q - 23, 5*i = -4*q + 27. What is the remainder when r is divided by q?
1
Let d(f) = -f**3 - 19*f**2 + 22*f + 41. Let i be d(-20). Calculate the remainder when 118 is divided by 3 + -1*(-21)/i.
22
Let f be 1842/30 - (-1 - 21/(-15)). Suppose 3*b - 53 = -2*l, -5*b - 59 - f = -5*l. Calculate the remainder when l is divided by 5.
0
Suppose 5*v - 2*v = -0*v. What is the remainder when 3*(v - (-133)/3) is divided by 25?
8
Let o(z) = -116*z + 2541. What is the remainder when o(-42) is divided by 103?
100
Let z(y) = y**2 - 149*y + 497. Calculate the remainder when 1500 is divided by z(149).
9
Let y(w) = 23*w**2 + 5*w - 90. What is the remainder when y(-5) is divided by 28?
12
Let t be 15 + (-1)/4 + 420/80. Let i(p) = 2*p**2 - 38*p - 2. Calculate the remainder when 147 is divided by i(t).
33
Let s = 114 + -112. Let y = 77 - s. Suppose 3*h - 75 = -5*j, j = 3*h - 3*j - y. What is the remainder when h is divided by 9?
7
Let a(g) = 3204*g - 3139. Calculate the remainder when 11016/56 + (-2)/(-7) is divided by a(1).
2
Let q = 1 + 15. Let r be (19/(57/(-186)))/(2/8). Let h = r + 309. What is the remainder when h is divided by q?
13
Suppose -11 = 19*y + 217. What is the remainder when -7*y/14 + 1477 is divided by 106?
105
Let h(b) = b**2 + 40*b - 10. Suppose -6*p + 369 = -15*p. Suppose 2*o - 2*t = t + 230, -2*o - 5*t + 262 = 0. What is the remainder when o is divided by h(p)?
28
Suppose -137*x + 131*x + 150 = 0. What is the remainder when 2 + 2 + 59 + 0 is divided by x?
13
Suppose -51*m - 4*n = -47*m - 20580, 4*m - 5*n = 20562. What is the remainder when m is divided by 234?
229
Let w = -8815 + 9039. Calculate the remainder when 229 is divided by w.
5
Suppose 2*u = -0*u + 3*p + 104, -p - 208 = -4*u. Suppose 0 = -102*i - 1010 - 870 - 1384. Let g = i + u. What is the remainder when 177 is divided by g?
17
Let x(n) = -n**2 + 7*n + 3587. Calculate the remainder when 364 is divided by x(-56).
10
Calculate the remainder when (33 - 57/19)*7/3 - -4 is divided by 61.
13
Let o(m) be the third derivative of m**5/15 + m**4/2 - 5*m**3/2 - 4*m**2 - 36. What is the remainder when 104 is divided by o(-6)?
47
Calculate the remainder when 1563 is divided by (-2)/6*1 - (-77)/(8316/9432).
84
Let o = 73 - 52. Let n(s) = -16*s - 68. Calculate the remainder when n(-8) is divided by o.
18
Suppose 3*i + 18 = 4*i. Let h(a) = 2*a**2 + a. Let m(s) = s**3 - 22*s**2 - 3*s + 39. Let w(b) = 2*h(b) + m(b). What is the remainder when w(i) is divided by 11?
10
Let z = -15 + 45. Let w = z + 0. Let g(k) = 4*k + 4. Calculate the remainder when w is divided by g(1).
6
Let g = 179 - 189. Calculate the remainder when (104/g - 2)*495/(-66) is divided by 33.
27
Suppose 3*j + 930 = 2*j. Calculate the remainder when (-5 - -3)*j/20 is divided by ((-26)/3 + 2)*-3.
13
Suppose -19 = -3*f + 2*f. Let q(i) = i**2 - 210*i - 14783. Calculate the remainder when q(266) is divided by f.
18
Let p(n) = -n**2 - 10*n - 1. Let i = 39 - 31. Let r be p(i). Let g = -46 - r. What is the remainder when g is divided by 13?
8
Calculate the remainder when (1119/2 + 1)/((-106)/(-424)) is divided by 743.
13
Calculate the remainder when 5*504/20 + -12 is divided by 3.
0
Let c(t) = -4*t + 20. Let i be c(0). Let z be -3 - (8/i - (-1311)/(-15)). Suppose z + 4 = 2*v. Calculate the remainder when 219 is divided by v.
43
Suppose 9*a = 8*a + 11. Suppose -a*s + 168 = 58. What is the remainder when 27 is divided by s?
7
Suppose 0 = 4*a - 2*p - 188, -35*a + 7*p + 262 = -30*a. What is the remainder when (-2)/5 - (-1296)/15 is divided by a?
42
Let j(t) = -35*t - 92. Let d be j(-6). Suppose 119*l = d*l + 114. Calculate the remainder when l is divided by 13.
10
What is the remainder when 506 is divided by 60/20 + 38 + 2?
33
Let s = 578 + -346. Suppose 3*n + s = -4*h - 69, -1 = -n. Let t = -7 - h. Calculate the remainder when t is divided by 18.
15
Suppose -16*c - 54 + 744 = -c. Calculate the remainder when c is divided by 28.
18
Let n(d) = 3*d**3 - 31*d**2 + 43*d - 56. Calculate the remainder when 82 is divided by n(9).
5
Suppose 191*k - 431 = 11029. Suppose -r - 144 = -4*r. Calculate the remainder when k is divided by r.
12
Let w(f) = -f**3 - 28*f**2 - 141*f - 22. Calculate the remainder when w(-22) is divided by 10.
6
Suppose 89*l = 94*l. Suppose l*r + 3*r - 153 = 0. Suppose -5*s - s + 84 = 0. Calculate the remainder when r is divided by s.
9
Let t(p) = -p**3 + 17*p**2 + 15*p + 109. Suppose -g - 4*s = -3*g - 70, 4*s = -3*g - 135. Let n = g + 70. What is the remainder when t(18) is divided by n?
26
Suppose -3*b + 742 = 2*s, -2*b + 234 = -b + 4*s. Let u(h) = 29*h - 40. Let f be u(3). Let a = b - f. Calculate the remainder when a is divided by 41.
39
Let o = -27 + 107. Suppose -16 = -4*t, -5*m - t - 4*t + o = 0. Suppose 3*c = 6 + m. What is the remainder when 29 is divided by c?
5
Let t = 9513 + -9364. What is the remainder when t is divided by 129?
20
Suppose -31 = -v + 3*n, 0 = -2*v - 4*n - 0*n + 72. Suppose 0 = v*a - 3231 + 987. What is the remainder when 261 is divided by a?
63
Suppose 0 = 4*o - 2*w - 8268, 1658*o - 1655*o - 6222 = 5*w. Calculate the remainder when o is divided by 71.
5
Calculate the remainder when (-42)/(-35) - 2809/(-5) is divided by 23.
11
Let d be (3/9)/(8 + (-3256)/408). Let g(f) = -f**3 + 19*f**2 - 33*f + 13. What is the remainder when 148 is divided by g(d)?
28
Suppose 0 = -2*j - 4*h + 3998, 3*j + 4*h - 10877 + 4876 = 0. What is the remainder when j is divided by 399?
8
Suppose -2*f + 4*g + 30 = g, -3*g = 3*f - 30. Suppose f = v - 7. Let h = 22 - v. What is the remainder when 7 is divided by h?
1
Let m = -28 - -70. Suppose 7*n = -5*n + 247 - 55. Calculate the rem